 of v.
2, 41
Suppose -26 - 22 = -u. Let q be u/2 + -2 + -1. List the prime factors of (1 + q)*6/4.
3, 11
Suppose 0 = 46*u - 46370 - 25574. What are the prime factors of u?
2, 17, 23
Let q(u) = -u**3 - 14*u**2 - 12*u + 17. Let c be q(-13). Let k be 0 + (3 - (3 - c)). Suppose d = b + 38, -3*b = -k*b - 3. List the prime factors of d.
5, 7
Let n = -101 - -97. What are the prime factors of (-1)/n + 1835/20?
2, 23
Let p = 2053 - 860. List the prime factors of p.
1193
Suppose 170 + 10 = -5*i. Let p = 30 - i. List the prime factors of p.
2, 3, 11
Suppose 2*b + 204 = -110. Let l = b + 223. Suppose 0 = -t + 4*t - l. List the prime factors of t.
2, 11
Let s(o) = -o**3 - 55*o**2 + 146*o - 84. What are the prime factors of s(-59)?
2, 3, 13, 67
Let h be (-3 - -4)/(3 + (-15)/6). Let r(y) = 29*y**2 - 10*y + 3. What are the prime factors of r(h)?
3, 11
Let z(u) = u**3 - u**2 + 2*u + 8. Let f be z(0). Let q(r) = -4*r**3 - 2*r**2 + 1. Let h be q(-1). Suppose 7 + f = h*p. List the prime factors of p.
5
Suppose n = -4*n + 50. Let m = -2 + n. What are the prime factors of 17/2 + 4/m?
3
Let s(d) = -d**3 - 8*d**2 - 16*d + 7. Let p be s(-9). Suppose 3*j - 4*g = -j + p, 0 = -j - 4*g + 58. What are the prime factors of j?
2, 29
Suppose -9*x + 4*x - 330 = 5*b, 0 = -3*x. Let f(q) = -4*q**2 - 9*q - 35. Let v be f(-6). Let m = b - v. What are the prime factors of m?
59
Let q(x) = -13*x**2 - 7*x - 33. Let g(z) = -7*z**2 - 4*z - 16. Let m(u) = -7*g(u) + 3*q(u). List the prime factors of m(-4).
5, 29
Let d = 19 - 15. Suppose -d*m + 64 = -2*m. List the prime factors of m.
2
Let a(h) be the first derivative of 23*h**2/2 + 31*h + 22. List the prime factors of a(4).
3, 41
Suppose -21 = -7*k + 4*k. Let t be 1/2 - 93/2. What are the prime factors of ((-7)/(k/t))/2?
23
Suppose -7*l = -12*l + 11480. List the prime factors of l.
2, 7, 41
Suppose -s = 5*g - 19, s + 2 = 6*g - 4*g. Suppose -4*o = -g*m - 365, 4*m + 170 = 2*o - 0*m. What are the prime factors of o?
5, 19
Let f = -21 + 22. Suppose c - 2 = f. Suppose -u = -2*z + 50, -127 = -5*z + 5*u - c*u. List the prime factors of z.
3
Let o be 3 - ((-2 - -2) + -2 - 444). Suppose 5*v + f = v + o, -354 = -3*v + 5*f. What are the prime factors of v?
113
Suppose -3*l - 9 = 3*g, -l + 4*l = -g - 13. List the prime factors of (-1 - g - -172) + 1 + 3.
173
Let a = 484 + 1. List the prime factors of a.
5, 97
Let d(f) = -33*f**3 - 7*f**2 - f + 2. Let x be d(3). Let c = -637 - x. What are the prime factors of c?
2, 3, 53
Let h(m) = -m**2 + 32*m. Let n be h(23). Suppose 0 = -4*o + 815 - n. List the prime factors of o.
2, 19
Let p = 101 - 105. What are the prime factors of (-9218)/(-44) - (-2)/p?
11, 19
Let r(k) = -k**3 + 5*k**2 + 4*k + 10. Suppose 4*h + 5 = 5*h. What are the prime factors of r(h)?
2, 3, 5
Let d(r) = 3*r + 51. Let y be d(-11). Suppose -y*n = -21*n + 258. What are the prime factors of n?
2, 43
Let o = -1 - -29. Let n = -9 + 16. Suppose -5*k - o = -n*k. List the prime factors of k.
2, 7
Suppose -5*b = -0*b + 70. Let v = 12 - b. What are the prime factors of 715/v + 6/4?
29
Let q = -22 - -24. Suppose 2 = q*g + 8, -5*g - 6 = 3*i. Suppose i*r - 120 = r - 2*s, 72 = r - 5*s. What are the prime factors of r?
2, 31
Suppose g + 25 - 133 = 0. Suppose -5*d + 8 = g. Let z = d + 46. List the prime factors of z.
2, 13
Let r be (-1 + 0)/2*4. Let h be ((-16)/56 + (-2)/(-7))/3. List the prime factors of (h + 69/(-6))*r.
23
Suppose -5*q = -w + 423, -3*w = -7*w - 4*q + 1644. What are the prime factors of w?
7, 59
Let t(w) = -3*w**3 - w**2. Let v be t(-1). Suppose 7*i - 3*i = 4*u - 568, -2*i - 574 = -4*u. Suppose -3*h = v*h - u. What are the prime factors of h?
29
Suppose -17*p = -4342 - 4974. List the prime factors of p.
2, 137
Let v(t) = -t - 1. Let n be v(2). Let o(w) = 2*w**2 + 5*w + 2. Let r be o(n). Suppose -r*c = -19 - 31. What are the prime factors of c?
2, 5
Let u(g) = g**2 - 3*g - 2. Let v be u(-1). What are the prime factors of -5 - -1 - ((v - 5) + -44)?
43
Suppose -9086 = -9*h - 13*h. List the prime factors of h.
7, 59
Suppose -464*y = -476*y + 3804. List the prime factors of y.
317
Let d = -29 - -13. Let u = d - -18. Suppose -4*v + 46 = 2*m, -u*m = -0*m - 2*v - 76. What are the prime factors of m?
3, 11
Let i = -35 + 28. Let k be (i + 2)*3/(-5). Suppose 5*p = k*f - 99, -3*f + 149 = 2*f - 3*p. What are the prime factors of f?
2, 7
List the prime factors of 4386/(16 - 10)*5.
5, 17, 43
Let j be (-4 + 2 - -1)/((-1)/8). Suppose -288 = -j*w + 176. List the prime factors of w.
2, 29
Let t be (0 - 4 - -3)/((-3)/(-63)). Let y = t + 199. What are the prime factors of y?
2, 89
Suppose -2*q = 10 - 96. Let r = 154 + -92. Suppose -r - q = -3*j. What are the prime factors of j?
5, 7
Suppose 5*z = -0*z, -2*r - 3*z = -8. Suppose 1 = 2*o + 4*s - 5, -s - 21 = -r*o. Suppose 3*f = -5*t + 25, -3 = t - o*t + f. What are the prime factors of t?
2
Let o(l) = 15*l**2 + l + 2. Let s be o(2). Suppose -s - 111 = -5*t. Suppose -5*a = t - 110. What are the prime factors of a?
3, 5
Suppose 4*l - 45 = l. Let r = 7 - l. What are the prime factors of (r/(-6))/(5/15)?
2
Let k = 52 + 24. Suppose -y + k = 3*y. List the prime factors of y.
19
Let u(d) = -7*d**3 + 0 - 3 - 4*d**2 - 3*d + 1. Let z be u(-2). Suppose z + 40 = 3*y. What are the prime factors of y?
2, 7
Let a = 106 - 41. What are the prime factors of a?
5, 13
Let v be 92/3*(-18)/(-8). Suppose 2*b = 2*p + 2 + 82, -4*b + 27 = -p. Let u = v + p. List the prime factors of u.
2, 11
Let o = 1864 + -628. What are the prime factors of o?
2, 3, 103
What are the prime factors of (-4)/(-4)*(-14 + 257)?
3
Suppose -4*y + 2*i + 26 - 2 = 0, 3*i = 2*y - 16. Suppose -5*n = y*c, 3*n - 2 = -0*n - 2*c. Suppose n*o - 8 = 8. What are the prime factors of o?
2
Suppose -h = h + 182. List the prime factors of -1 + 0 - 0 - h.
2, 3, 5
What are the prime factors of -1 + (-4)/(-5) - (-1102904)/220?
3, 557
Suppose 4*d + 2*i - 1558 = 0, -d + 13*i - 8*i = -384. What are the prime factors of d?
389
Suppose -4*r - 4*k = -12, -3*r + 4 = -0*r - 2*k. Suppose t = r*m - 104, -4*m + 4*t + 166 = -m. What are the prime factors of m?
2, 5
Let c(s) = -s**3 - 3*s**2 + 7*s + 15. Let m be c(-8). Let v = m - 87. What are the prime factors of v?
2, 3
Let k = -17 + -2. Let t = k - -38. What are the prime factors of t?
19
Let h be 1860/18 + 4/6. Suppose 3*s = 11*s - h. List the prime factors of s.
13
Let f = 11 - 2. Suppose -2*v = -4*v + 3*l + 43, 82 = 4*v - 2*l. Suppose -f*g + 8*g = -v. What are the prime factors of g?
2, 5
Suppose -11*c + 1442 = -4*c. List the prime factors of c.
2, 103
Let d = 3 + -2. Suppose -2*b = 5*x - 17, -2*b + 1 = -d. List the prime factors of ((-4)/x)/((-6)/99).
2, 11
Suppose -12*n - 9*n + 5208 = 0. What are the prime factors of n?
2, 31
Let d = 3838 + -2251. What are the prime factors of d?
3, 23
Let r = -34 + 286. What are the prime factors of r?
2, 3, 7
Suppose 3*v = 3*t + 6, -4*v - 1 = 2*t - 9. Suppose 6*g - 8*g = t. Suppose 0 = -4*i + 5*l - 0*l + 81, g = 2*i + 2*l - 36. What are the prime factors of i?
19
Let x be (-47)/(-9) - (-10)/(-45). Suppose b - 10 = -2*b - t, 18 = -b + x*t. Suppose -3*g - p + 112 = -2*p, -4*g + 136 = b*p. List the prime factors of g.
2, 3
Let p be (2/(-6))/((-6)/54). Suppose 89 = p*i - 2*q + 7, -i + 20 = 3*q. Suppose -i = -d - d. What are the prime factors of d?
13
List the prime factors of 3/(-5) + (-29)/(725/(-16740)).
3, 223
Suppose -9*j + 8*j = -2*l + 1942, -2*l = 2*j - 1948. What are the prime factors of l?
2, 3
List the prime factors of ((-9)/(-6))/(24/32) + 817.
3, 7, 13
Suppose 5*a - 3410 + 1195 = -3*p, 3*a + 2*p = 1330. List the prime factors of a.
2, 5, 11
Let b(u) = -u**3 + 3*u**2 - u + 4. Let y be b(3). List the prime factors of (-11)/11 - (y + -29).
3
Suppose 2*u + 120 = 7*u. Suppose 8*y = u*y - 3664. List the prime factors of y.
229
Let t = 0 - 13. Let y = -39 - t. What are the prime factors of 10*(-4 - y/4)?
5
Suppose -41 = -4*r - 13. Let t be (0/2 - 4) + 23. Suppose -i = r - t. What are the prime factors of i?
2, 3
Let o(q) = -q**2 - 11*q + 8. Let s be 10/(-2 + 4)*1. Suppose -10*t = -s*t + 45. List the prime factors of o(t).
2, 13
Let w be 119 + (34/16 - (-1)/(-8)). Let y = 226 - w. What are the prime factors of y?
3, 5, 7
Let f(a) = 2*a**3 - 3*a**2 + a - 2. Let s be f(2). Let c(x) = 16*x - 10. Le